*2 + m - 1. Give x(q).
1
Let b(q) = -8*q + 6. Let n(x) = -2*x - 3. Let m(w) = -2*b(w) - 4*n(w). Determine m(-1).
-24
Let o(h) = -9 - 10 - 5 + h**2 + 8*h + 33. Calculate o(-7).
2
Let r(n) = 15*n - 32. Let f(b) = 7*b - 14. Let y(l) = -13*f(l) + 6*r(l). Calculate y(-7).
-3
Let l(s) = -55*s + 15*s + 11*s + 7 + 16*s + 12*s. Calculate l(10).
-3
Let a(g) be the third derivative of g**6/120 - g**5/20 - g**4/8 + g**3/2 + 2*g**2 + 120. Let z = -17 - -24. Suppose 0 = -o + z - 3. What is a(o)?
7
Suppose -255*z + 287*z = 320. Let o(r) = r**3 - 9*r**2 - 9*r + 7. Give o(z).
17
Let h = -19 + 19. Let o = h + 2. Let i(r) = 300 - 300 - 3*r**o. Calculate i(1).
-3
Let g(t) = -13 - t**2 + 3626*t**3 - 3625*t**3 + t + 0*t**2. Determine g(0).
-13
Suppose 5*z + 1 = -3*l + 10, -2*z - 12 = -4*l. Let t(k) = 33*k - 5. Let y(i) = -58*i + 8. Let g(b) = 7*t(b) + 4*y(b). Determine g(z).
-3
Let l(z) = -z - 8. Suppose 2 = h - 0*h. Suppose 4*t = -5*n - 45, -4*t = h*n - 4*n + 38. Determine l(t).
2
Suppose -66*p + 71*p = -4*u - 26, 4*u + 18 = -p. Let z(o) = o - 5. Calculate z(u).
-9
Let w(m) = -2 + 48*m - 18*m**2 + 0 - 48*m + 0 - 2*m**3. What is w(-9)?
-2
Let f(r) = -r**3 - 2*r**2 + 7*r + 6. Let h be ((-12)/10)/(335/(-50) - -7). Determine f(h).
10
Let p(o) be the first derivative of -o**3/3 - o**2 + o + 3. Let q(m) be the first derivative of p(m). Give q(-7).
12
Let q(j) = -j - 2. Let l(k) be the second derivative of 5/2*k**2 + 0 - 3*k - 1/6*k**3. Let i be l(8). What is q(i)?
1
Suppose -2*p = -3*x - 6*p - 22, -x - p = 7. Let f(j) be the third derivative of -j**4/8 + 7*j**3/6 - 591*j**2. Calculate f(x).
25
Let c(j) be the second derivative of 1/2*j**3 + 3/2*j**2 + 43*j + 0 - 1/12*j**4. Determine c(5).
-7
Let b(q) be the third derivative of q**4/24 + 2*q**3/3 - 6*q**2. Let c(f) = -2*f**2 + 3*f - 3. Let w be c(2). Determine b(w).
-1
Let j(x) = x**3 + 3*x**2 + 3*x + 2. Let n = -2 - -5. Let u be (-9)/3 + n + -3. Determine j(u).
-7
Let l = -1142 - -1149. Let f(x) be the first derivative of -l*x - 7/2*x**2 + 12 + 1/4*x**4 + 2*x**3. Determine f(-7).
-7
Suppose -x - 5*x - 18 = 0. Let j(c) be the third derivative of -c**6/120 - c**5/60 + c**4/12 - 2*c**3/3 + c**2. Calculate j(x).
8
Let g(l) = 2*l**2 + l - 1. Let k be g(-2). Let b(q) = k - q - 15 + 4. Let c be (3/2)/(2/(-8)). Calculate b(c).
0
Let o(c) be the third derivative of -1/3*c**4 + 1/60*c**5 - 1/6*c**3 + 0 + 0*c - c**2. Let a(y) be the first derivative of o(y). Calculate a(6).
4
Let o(x) = x**2 + 3*x - 7. Suppose -3*n = -16 + 1. Suppose -n*g = d - 55, 3*g = 2*d + 2*d + 10. Suppose 4*l - 20 = 4*z, 2*z - l = -4*l - g. Determine o(z).
3
Suppose -5*k - n = -7, k + 13*n - 9*n = -10. Let v(u) be the first derivative of 1/2*u**2 - k*u - 5. Calculate v(2).
0
Let l(b) = -b**2 - 2*b + 0 + 1 + 2 + 3*b**2. Give l(2).
7
Let k(a) be the first derivative of 12 - 1/4*a**4 - 15*a + 0*a**2 - 1/3*a**3. Calculate k(0).
-15
Suppose 0*k + 4*h = 5*k - 46, -14 = -5*k - 4*h. Let v(o) = -o - 380 + 132 + 129 + 125. Determine v(k).
0
Suppose 92 - 89 = v. Let p(s) be the second derivative of -s**5/20 + 5*s**4/12 - 5*s**3/6 + 2*s**2 + s. Calculate p(v).
7
Let o(r) = 5*r - 26. Suppose 42*g - 39*g + 4*w - 41 = 0, -3 = -4*g + 5*w. Determine o(g).
9
Let r(q) = 12 + 9 - q - 21. Suppose 0*g = -2*w + 2*g + 8, 2*g - 4 = -w. Suppose -w = l + 1, 5*l = n - 27. What is r(n)?
-2
Let g(a) be the third derivative of a**4/24 - 5*a**3/6 - a**2 + 68*a. Determine g(4).
-1
Let k(r) = 3*r + 9. Let h(t) = t**3 + 29*t**2 + 46*t - 220. Let p be h(-27). Calculate k(p).
-3
Let c(k) = -k**3 + 5*k**2 - 3*k + 2. Let a be c(4). Let f(h) be the first derivative of -h**2 + 4*h - 285. Determine f(a).
-8
Let i(q) = 3*q - 19. Suppose 2*u - 3*h + 2 = 0, 10*u - 9*u + h - 9 = 0. Calculate i(u).
-4
Let h(u) = 2*u**2 - 4*u + 3. Let c(j) = -2*j**2 + 5*j - 4. Suppose 11*g = 9*g - 6. Let w(y) = g*h(y) - 2*c(y). Determine w(3).
-13
Let h(o) = -o**3 - 5*o**2 - 5*o. Let k be h(-5). Let p = -16 + k. Suppose -v + 5*v = 2*l - 10, -p = 3*l + 2*v. Let s(b) = 5*b. Give s(l).
-5
Suppose 20 = 4*v + 4*i, -6 = -2*v - 4*i + 4. Let y(u) = -u**3 + 7*u**2 - 4*u - 5. Calculate y(v).
25
Let w(u) = -7*u + 19. Let l(x) = -4*x + 16. Let c(p) = -6*l(p) + 5*w(p). Give c(1).
-12
Let a = -297 + 290. Let j(x) = -x - 6. Give j(a).
1
Let s(h) be the second derivative of -h**6/120 - 3*h**5/20 - h**4/4 + h**3 - 29*h**2/2 - 4*h + 10. Let j(o) be the first derivative of s(o). Determine j(-8).
-10
Let h(f) = -4*f**3 + 6*f**2 - 10*f + 4. Let b(k) = -k**3 - k. Let d(a) = 3*b(a) - h(a). Give d(4).
-8
Suppose -14*t = m - 17*t + 31, 0 = -5*m - 5*t - 115. Let n(x) = x + 20. Let a be n(m). Let j(r) = -r**2 - 6*r + 1. Determine j(a).
6
Let x(a) = a**2 - 4*a. Suppose u = 4*u + 30. Let g = -6 - u. Suppose -12 - g = -4*p. Determine x(p).
0
Let d(p) be the third derivative of 5*p**4/12 + p**2. Let l(w) = -w**2 + 20*w + 95. Let j be l(24). Give d(j).
-10
Suppose 32 = -0*r + 8*r. Let p be -7 - (1/(-2)*r + -1). Let m(y) = y**2 + 6*y + 2. Give m(p).
-6
Let k(w) = 12*w**2. Let p(f) = -f**2 + 7*f - 5. Let r be p(5). Suppose -5*l - 1 = r*m - m, l + 4 = 3*m. What is k(m)?
12
Suppose v - 1 = -q, -11 - 9 = 4*v - 4*q. Let n(s) = -s - 1. Let c(i) = 0 - 1 - 3*i + 4 - 4. Let y(f) = v*n(f) + c(f). What is y(2)?
-1
Let h = 249 + -249. Let i(u) = -17 + 3*u**3 + h*u + 7*u - 4*u**3 - 5*u**2 + 21. Let s(g) = -g. Let q be s(6). Calculate i(q).
-2
Let p(y) be the first derivative of -2*y**3/3 - 2*y**2 - 2*y + 3. Suppose -11 - 4 = 5*d. What is p(d)?
-8
Let z(y) = -y**2 + 9*y - 5. Let r be 5/(5/3) - 8. Let x(u) = 3*u**2 - 3*u + 8. Let b be x(r). Let t be (-42)/b - 90/(-14). Give z(t).
13
Let b(i) be the third derivative of i**5/60 - 5*i**4/8 - 5*i**3/6 + 156*i**2. Calculate b(15).
-5
Let n(s) be the third derivative of -s**4/24 - 3*s**2. Suppose -4*m + 7 = c, -2*m + 4 - 5 = 5*c. Determine n(c).
1
Let u(h) = 33*h + 5*h**3 - 73*h + 0*h**2 + h**2 + 39*h - 1 + 0*h**3. Let a(y) = -y**2 - 6*y - 1. Let x be a(-6). Calculate u(x).
-4
Let i(x) = x + 7. Let f(n) = 4*n + 30. Let d(b) = -4*f(b) + 12*i(b). Determine d(-10).
4
Let i(d) = -242*d - d**3 - 4 + 82*d + 88*d + 82*d - 10*d**2. What is i(-11)?
7
Suppose 51 = -5*i + 1. Let c be i - (-7 - -3)/4. Let r be (6/c)/(2/18). Let o(j) = j**2 + 8*j + 7. What is o(r)?
-5
Let a = 56 + -53. Let b(q) = q**a - 5*q**2 - 10*q**2 + 12*q**2 - 4. Give b(3).
-4
Let b(p) = -6*p**3 + 3*p**2 + 5*p - 2. Let m(s) = -s**3 - s**2 - s + 1. Let g(n) = -b(n) + 5*m(n). Calculate g(9).
-2
Let c(z) = 11*z**2 + 4*z + 8. Let l(d) = 20*d**2 + 7*d + 14. Let n(u) = -11*c(u) + 6*l(u). What is n(-2)?
-4
Let x be 5 - ((-2 - -1) + 9/3). Let a(i) = -i**2 + x*i - 2*i + i + 2 - 6*i. Give a(-6).
-10
Suppose 5*r - 4*d - 55 = -0*d, d = 0. Let w(i) = -4*i**2 + 7*i - 6*i + i**3 + 5*i**2 + r. Give w(0).
11
Let r(f) = 11*f**2 + 5*f + 10. Let g(v) = -4*v**2 - v + 1. Let a(d) = -3*g(d) - r(d). What is a(5)?
2
Suppose -5*m - 3*y = -4, -y = -m + 1 + 3. Let b be ((-105)/42)/(1/m). Let c(k) = -k**2 - 9*k - 1. Calculate c(b).
19
Let o(z) = z**3 - 15*z**2 - 34*z - 4. Let n be o(17). Let y(x) = 5*x + 6. Determine y(n).
-14
Let c(w) = -5*w**2 - 5*w + 16. Let t(p) = -p**2 + p + 1. Let j(n) = -c(n) + 6*t(n). What is j(11)?
-10
Let d(j) be the first derivative of 11*j**2/2 - 2*j - 85. Calculate d(-3).
-35
Let d = 98 + -104. Let l(z) = 3*z + 2. Let v(q) = 2 + 3*q + 3*q + 3. Let x(r) = 7*l(r) - 4*v(r). Determine x(d).
12
Let r(s) = s**3 + 2*s - 3. Let f be (-3)/9 + 98/6. Let d = f + -6. Suppose -4*h - h = -d. What is r(h)?
9
Let n = -12 - -59. Suppose 8 = -11*r - n. Let q(m) = -m**3 - 3*m**2 - 3*m + 1 + 2 - 3*m**2. Determine q(r).
-7
Suppose -z + 2 = 8. Let o be ((-27)/18)/(z/4). Let l(s) = 3*s**3 - 3*s**2 + 3*s + 5. Let a(u) = u**3 - u**2 + u + 2. Let w(r) = 5*a(r) - 2*l(r). Give w(o).
-1
Let a be (-8)/(-3)*(-60)/(-16). Let r(c) = -a*c**2 + 22*c**2 - 1 - 11*c**2 + c. Determine r(-2).
1
Suppose 7*r - 32 = 3. Let k(t) = -4 - 6*t**3 + 5*t**3 - 3*t + 9 + r*t**2. Calculate k(4).
9
Let n = -5 - -5. Let i(t) = 27*t + 5. Let j(d) = -10*d - 2. Let y(f) = -3*i(f) - 8*j(f). Give y(n).
1
Let c(a) = -a + 2 + 7 + 0*a - 2. What is c(-8)?
15
Let z(i) = -i**2 + 14*i + 32. Let s = -8 + 24. Let j be z(s). Let k(f) = -f**2 + f. What is k(j)?
0
Let a(o) = o**3 + 2*o**2 - o - 1. Let f(u) = 5*u**3 - 3*u**2 - 16*u